w) = w**2 + 14*w - 27. Let t be u(a). Suppose t = -4*r + 10*r. What is the units digit of r?
4
Let j(i) = -49*i**2 + 2*i + 4. Let h(u) = 3*u**2 - u - 1. Let r(a) = -3*h(a) - j(a). Let x(y) = y**2 - y - 1. Let n be x(-1). What is the tens digit of r(n)?
4
Let k(w) = 3*w - 154. Let v be k(51). What is the hundreds digit of 54/(-4*v/46)?
6
What is the tens digit of (9967050/184 - (-7)/(-4))/1?
6
Let g(n) = n**2 + 16*n + 7. What is the units digit of g(-83)?
8
Suppose -3940 = 3*s - 13240. What is the tens digit of s/62 - -6*(-4)/6?
4
What is the tens digit of 23/10 + 9/(-30) - -2*19148?
9
Let y = -3197 - -4000. What is the hundreds digit of y?
8
Let f = 339 + -340. What is the units digit of (f - -7)*60/9 - -1?
1
Let a(q) = 4*q**3 + 55*q**2 - 18*q - 25. What is the units digit of a(-10)?
5
Let j = 14397 + -8129. What is the units digit of j?
8
Suppose 4*y + 1635 = -0*y + j, 5*j = 4*y + 1647. Let l = y - -855. What is the tens digit of l?
4
Suppose -139*r + 2551878 = -34*r + 84*r. What is the ten thousands digit of r?
1
Suppose 6*j = 9*j + 5*b - 1212, -3*b = 2*j - 806. What is the tens digit of j?
9
Suppose -5*y - 434050 = 2*y - 32*y. What is the hundreds digit of y?
3
Suppose -3*h = 8*n - 13*n + 62373, 5*n + 3*h - 62367 = 0. Suppose -41*z + n = -30*z. What is the units digit of z?
4
Let k(p) be the first derivative of p**3/3 - p**2/2 + 2*p + 22. Let m be k(1). What is the units digit of ((-6)/(-20)*4)/(m/180)?
8
Let j = -30 + 32. Let s(b) = -9*b + b**3 + 12 - 4*b - 66*b**2 + 76*b**j. What is the units digit of s(-11)?
4
Let s(l) = 3*l - 11. Let g be s(5). Suppose 982 = -g*x + 6*x - k, -x + 491 = -3*k. What is the hundreds digit of x?
4
Let q = 194 + 39. Let s = q - 421. Let j = -80 - s. What is the hundreds digit of j?
1
Let a = -6 + -7. Let j(h) = 3*h + 42. Let v be j(a). Suppose v*t = 4*d + d - 730, 4*d = 3*t + 584. What is the tens digit of d?
4
Suppose 2*t = 5*o + 14076 + 3422, 0 = 2*t - 3*o - 17490. What is the hundreds digit of t?
7
Let q(w) be the first derivative of w**2/2 + 13*w - 11. Let c be q(-8). Suppose -6*k + c*k = -110. What is the hundreds digit of k?
1
Suppose 32*y = 91*y - 333350. What is the hundreds digit of y?
6
Suppose -3 = -2*c + 21. Let m(l) = 2*l**2 - 4*l - 49. Let w(k) = 3*k**2 - 6*k - 73. Let n(x) = -7*m(x) + 5*w(x). What is the tens digit of n(c)?
9
Let v = -171 - -122. What is the hundreds digit of 7/(v/(-819)) + -3?
1
Let u(f) = 2*f**2 - 3*f + 20. Let w(h) = -5*h**2 + 8*h - 61. Let n(m) = 8*u(m) + 3*w(m). What is the hundreds digit of n(29)?
8
What is the hundreds digit of 832 + (-473)/(-86) + 10/4?
8
What is the ten thousands digit of -3*(-3)/27*(52055 - 50)?
1
Let s(m) = m**3 - 12*m**2 - 22*m - 28. Let l be s(14). What is the tens digit of 32/l + (-1648)/(-7)?
3
Let d(a) = -80*a + 131. What is the hundreds digit of d(-29)?
4
Let a(x) = 3*x**2 + 27*x - 406. What is the thousands digit of a(28)?
2
Let n(z) = -z**2 + 22*z - 75. Let u be n(17). Suppose 2*w + 24 = u*w. Suppose 890 = 5*s + g - 6*g, -w*s = -g - 528. What is the hundreds digit of s?
1
Let g be (-6 - (-4 + -1))*-11. Suppose 0 = g*i - 11401 + 819. What is the units digit of i?
2
Suppose -4*u + 4*l = -0*u + 4, -5*l = -3*u - 9. Let b = u - 0. What is the tens digit of (-615)/(-55) + 2*b/(-22)?
1
Let a(b) = -47*b + 93*b + 18 - 57*b + 3*b**2. Let d = 28 + -22. What is the units digit of a(d)?
0
Suppose 2*y - 26 = -16. Suppose -4*i = -y*r - 0*i + 575, -15 = 3*i. What is the tens digit of r?
1
Suppose -z - 5190966 = 26*z - 189*z. What is the tens digit of z?
4
Let t(i) = -i + 26. Let v be t(5). Suppose 2*g - 5*l - v = 0, 0*l - 29 = -3*g + 5*l. Suppose 1076 - 92 = g*f. What is the units digit of f?
3
Let z(l) be the second derivative of -l**5/10 - 5*l**4/4 - 11*l**3/3 + 6*l**2 - l - 22. What is the tens digit of z(-9)?
5
Let v(b) = 2*b**3 - 4*b**2 + 2*b + 2. Let n be v(2). Suppose 2*l + 2*l - 364 = 4*w, -5*l - w = -431. Suppose n*h - 273 = l. What is the units digit of h?
0
Suppose -69*f = -68*f - 70. Suppose s = -f + 319. What is the tens digit of s?
4
Suppose -8*b = -4*b - 7976. What is the hundreds digit of b?
9
Suppose 2*p = 53*v - 48*v - 33272, 0 = -v - 5*p + 6649. What is the hundreds digit of v?
6
Let u(y) = 7*y**2 - 5*y + 367. What is the units digit of u(52)?
5
Suppose 0 = -208*i + 203*i + 5*b + 83410, -4*i + 5*b + 66725 = 0. What is the ten thousands digit of i?
1
Suppose 5*a - l = 6, -a + 11*l - 14 = 7*l. Suppose a*n + 28*o - 1941 = 25*o, 2914 = 3*n + 4*o. What is the tens digit of n?
7
Suppose 4*u - u = 0. Let g be -4 - (-2 - u) - (-240)/8. Let s = 75 - g. What is the tens digit of s?
4
Let x(d) = 7*d - 17. Let t(a) = -1. Let f(g) = -3*t(g) - x(g). Let k be f(15). What is the tens digit of k*((-32)/(-10) - 4)?
6
Let r(v) = 21*v**2 + 24*v + 16. What is the thousands digit of r(16)?
5
Let q(a) = -362*a - 613*a - 3 + 1. Let y be q(-1). What is the tens digit of (-2)/12 + y/42?
2
Let c(a) = 2*a + 20. Let x be c(-10). Suppose x = -v + 157 + 48. Let z = -95 + v. What is the hundreds digit of z?
1
Let f = 763 + -788. What is the tens digit of 20/((-238)/(-234) + 24 + f)?
7
Let y = -757 - -757. Suppose 25 = 5*w, 4*d + 60*w - 62*w - 4998 = y. What is the tens digit of d?
5
Suppose 71 - 47 = 2*y. Let n be -2*(-2 - y/(-4)) + 4. Suppose -3 = 2*k + 1, -n*f - 5*k = -62. What is the tens digit of f?
3
Suppose 2*d + 485070 = 59*d. What is the tens digit of d?
1
Suppose -25*f - 14 - 36 = 0. What is the tens digit of (1 + f + 3)/(1/489)?
7
Suppose -d - 3*y + 16519 = 0, y - 49545 = -3*d - 2*y. What is the tens digit of d?
1
Let r(d) = 594*d**3 - 2*d**2 + d + 1. Let m be r(1). Suppose -6*i + 2*i - 5*b + m = 0, 2*b = -4. Let u = i - -22. What is the tens digit of u?
7
Suppose 8*g = 11 + 5. Let s be (1 - (-2)/2)*g. Suppose 0 = s*v + 7*v - 1012. What is the units digit of v?
2
Let b = -3819 + 9313. What is the tens digit of b?
9
Suppose -2*u - 2*p + 56 = 0, -19*p - 32 = -u - 18*p. Suppose 3*h - 38 = y, -5*y - 70 = -2*y + 2*h. Let a = y + u. What is the units digit of a?
4
Suppose 0 = d + d - 44. Let b = d + -19. What is the tens digit of b/(-6)*(-3 + -113)?
5
Suppose -78*g + 66*g = -49152. What is the thousands digit of g?
4
Suppose 0 = -2*n + 5*j + 56, -j = -23*n + 25*n - 32. Let l be 0 + 2 - (1 + -7). Let q = l + n. What is the tens digit of q?
2
Let c = 9813 - 7282. What is the thousands digit of c?
2
Let t be (11/22)/((-2)/(-13196)). Suppose 22*y - 23627 = -t. What is the tens digit of y?
2
Let j = -40636 - -103578. What is the units digit of j?
2
Let r(u) = u**2 + 7*u + 9. Let d be r(-6). Suppose -d*s = -2 - 7, -75 = -w - 2*s. Let j = -7 + w. What is the units digit of j?
2
Suppose 369 = -j - 4*m, 946 = -2*j - 3*m + 218. Let r = 236 + j. Let k = r - -210. What is the units digit of k?
5
Suppose 0 = -3*z + 9*z + 12. Let q be (-1368)/20 + z/(-5). What is the tens digit of -2 - -6 - q - -3?
7
Let u(m) = 78*m**2 - 23*m - 5. Let b be u(-19). Suppose g - b = -29*g. What is the hundreds digit of g?
9
Suppose -6*k - s = 3*s - 161432, -5*k + 134515 = s. What is the units digit of k?
2
Let j = -1438 - -12325. What is the units digit of j?
7
Suppose -5*m + 51 = -4*s, 7*s - 47 = -4*m + 4*s. Suppose -1281 = -m*h + 1810. What is the hundreds digit of h?
2
Suppose 91 = -3*i - 29. Let b = i - -43. Suppose -99 - 396 = -b*z. What is the tens digit of z?
6
Let n be (481 - 3/3) + 0 + 0. Suppose 3*f = -2*z + 236, -4*z + 2*f = 6*f - n. Suppose z = 5*d - o, o = 3*d + 2*o - 76. What is the units digit of d?
5
Let f(l) = -3*l**3 - 4*l - 1. Let t be f(-7). Let z be 8/(-24)*-381*9 - -1. Suppose -4*a + z - 102 = -3*j, -4*a + t = 4*j. What is the units digit of a?
2
Let w = 34538 + -24481. What is the ten thousands digit of w?
1
Let g(s) = -4*s**2 - 3 - s**2 + s**3 + 18 - 8*s. Suppose -5*p - 3*z = -45, -21*z = -5*p - 22*z + 35. What is the units digit of g(p)?
3
What is the thousands digit of (93/(-6))/(-13*1/43966)?
2
Let z be (-1)/(11/(-3795))*4/(-10). Let j = z - -563. What is the tens digit of j?
2
Let i(o) = o**2 + 7*o + 10. Let b(j) be the first derivative of j**4/4 - 5*j**3/3 + 6*j - 6. Let s be b(5). What is the tens digit of i(s)?
8
Let y(l) = 13*l + 25. Let g(d) = 28*d + 50. Let b = 125 + -131. Let o(w) = b*g(w) + 13*y(w). What is the tens digit of o(6)?
3
Suppose 96*k - 29*k - 102143